on divisor of 63 and 117?
9
Calculate the greatest common factor of 390 and 90.
30
Calculate the highest common factor of 27 and 288.
9
Calculate the greatest common factor of 112 and 36.
4
Calculate the greatest common factor of 1696 and 106.
106
What is the highest common factor of 65 and 455?
65
What is the highest common factor of 26 and 286?
26
What is the greatest common factor of 530 and 424?
106
What is the greatest common factor of 696 and 4?
4
Calculate the greatest common divisor of 116 and 261.
29
What is the greatest common factor of 27051 and 213?
213
What is the highest common divisor of 48 and 216?
24
Calculate the greatest common divisor of 46 and 29417.
23
Calculate the highest common factor of 15 and 1215.
15
Calculate the greatest common divisor of 28 and 462.
14
What is the highest common divisor of 35 and 560?
35
Calculate the highest common divisor of 4343 and 86.
43
What is the highest common divisor of 368 and 138?
46
What is the highest common factor of 82 and 6?
2
What is the greatest common factor of 63 and 72?
9
Calculate the greatest common divisor of 2800 and 14.
14
Calculate the highest common factor of 4 and 42.
2
Calculate the highest common divisor of 56 and 196.
28
Calculate the highest common factor of 84 and 1659.
21
Calculate the highest common divisor of 147 and 21.
21
What is the highest common divisor of 50 and 30?
10
What is the greatest common factor of 611 and 91?
13
What is the highest common divisor of 609 and 174?
87
Calculate the greatest common divisor of 9 and 11709.
9
What is the greatest common factor of 80 and 48?
16
What is the greatest common divisor of 2751 and 262?
131
What is the highest common divisor of 13 and 23205?
13
Calculate the highest common divisor of 3835 and 885.
295
Calculate the highest common divisor of 4 and 23164.
4
What is the highest common divisor of 296 and 2294?
74
What is the highest common divisor of 111 and 6?
3
What is the highest common divisor of 88 and 40?
8
Calculate the greatest common factor of 10164 and 336.
84
Calculate the highest common factor of 188 and 8272.
188
Calculate the highest common factor of 338 and 26.
26
Calculate the greatest common divisor of 27 and 171.
9
What is the greatest common divisor of 21844 and 3556?
508
What is the greatest common divisor of 79 and 17?
1
What is the greatest common divisor of 14148 and 216?
108
Calculate the highest common factor of 33 and 88.
11
Calculate the highest common divisor of 119 and 1071.
119
Calculate the highest common divisor of 2460 and 380.
20
What is the greatest common divisor of 20502 and 6?
6
Calculate the greatest common factor of 12 and 636.
12
What is the highest common divisor of 43 and 2623?
43
Calculate the greatest common factor of 28 and 644.
28
Calculate the highest common divisor of 12 and 69.
3
Calculate the greatest common factor of 2025 and 270.
135
Calculate the greatest common divisor of 931 and 77.
7
What is the greatest common divisor of 150 and 6?
6
What is the highest common factor of 44 and 231?
11
What is the highest common factor of 60 and 4620?
60
What is the greatest common divisor of 32 and 78112?
32
What is the highest common factor of 1760 and 55?
55
Calculate the greatest common factor of 16 and 56.
8
Calculate the greatest common factor of 30 and 234.
6
What is the highest common factor of 100 and 10?
10
What is the greatest common divisor of 296 and 1036?
148
What is the highest common factor of 12 and 2112?
12
What is the highest common factor of 9 and 5247?
9
Calculate the greatest common factor of 1349 and 213.
71
What is the highest common divisor of 198 and 90?
18
What is the greatest common factor of 44 and 286?
22
Calculate the greatest common divisor of 6 and 4.
2
What is the highest common divisor of 144 and 3600?
144
Calculate the greatest common factor of 65 and 39.
13
What is the greatest common factor of 2135 and 140?
35
Calculate the greatest common divisor of 128 and 112.
16
What is the highest common divisor of 135 and 335?
5
Calculate the highest common divisor of 9983 and 335.
67
What is the highest common factor of 768 and 312?
24
What is the greatest common factor of 3250 and 1040?
130
What is the greatest common factor of 4582 and 29?
29
What is the greatest common divisor of 16 and 2872?
8
What is the greatest common factor of 21 and 63?
21
What is the highest common divisor of 11 and 55?
11
What is the greatest common divisor of 578 and 34?
34
What is the greatest common divisor of 54 and 189?
27
Calculate the greatest common factor of 650 and 450.
50
Calculate the greatest common divisor of 475 and 38.
19
Calculate the highest common divisor of 767 and 39.
13
Calculate the highest common divisor of 242 and 110.
22
What is the highest common divisor of 3608 and 264?
88
Calculate the greatest common factor of 5985 and 189.
63
Calculate the greatest common divisor of 30 and 195.
15
Calculate the greatest common divisor of 57 and 551.
19
What is the greatest common divisor of 3311 and 308?
77
Calculate the greatest common factor of 204 and 459.
51
What is the greatest common factor of 10 and 480?
10
What is the greatest common factor of 38 and 10583?
19
What is the highest common factor of 68 and 15164?
68
Calculate the highest common factor of 3965 and 26.
13
What is the greatest common divisor of 81 and 57348?
81
What is the highest common factor of 183 and 2501?
61
Calculate the highest common factor of 111 and 888.
111
What is the highest common divisor of 328 and 120?
8
Calculate the greatest common factor of 1 and 30.
1
What is the highest common divisor of 1 and 1093?
1
What is the highest common factor of 507 and 2197?
169
Calculate the greatest common divisor of 650 and 3150.
50
Calculate the greatest common divisor of 17 and 36.
1
Calculate the highest common divisor of 99 and 18.
9
Calculate the highest common factor of 7 and 17.
1
Calculate the greatest common factor of 364 and 104.
52
What is the highest common divisor of 720 and 45?
45
Calculate the highest common factor of 8 and 904.
8
Calculate the greatest common factor of 1258 and 296.
74
What is the highest common divisor of 672 and 294?
42
Calculate the highest common divisor of 1196 and 520.
52
What is the greatest common factor of 1 and 3?
1
What is the greatest common factor of 90 and 9210?
30
What is the highest common divisor of 14 and 623?
7
What is the greatest common factor of 10 and 380?
10
Calculate the greatest common divisor of 340 and 9146.
34
Calculate the greatest common factor of 320 and 15.
5
What is the highest common factor of 714 and 1173?
51
Calculate the highest common factor of 3999 and 93.
93
What is the greatest common factor of 128 and 800?
32
What is the greatest common factor of 140 and 490?
70
What is the highest common divisor of 30222 and 276?
138
What is the highest common factor of 201 and 6365?
67
Calculate the highest common factor of 1188 and 81.
27
What is the highest common factor of 74 and 49802?
74
What is the highest common factor of 5 and 25?
5
What is the greatest common factor of 1380 and 60?
60
What is the greatest common factor of 660 and 120?
60
What is the greatest common factor of 62 and 6?
2
Calculate the highest common factor of 3661 and 49.
7
Calculate the highest common factor of 22 and 374.
22
Calculate the greatest common factor of 18 and 1800.
18
Calculate the highest common divisor of 5490 and 270.
90
What is the highest common factor of 164 and 41?
41
Calculate the greatest common factor of 33966 and 17.
17
What is the greatest common factor of 18 and 94464?
18
Calculate the highest common divisor of 6 and 9.
3
Calculate the greatest common factor of 143 and 1012.
11
Calculate the highest common divisor of 200 and 25.
25
Calculate the highest common divisor of 1513 and 34.
17
What is the greatest common divisor of 6040 and 40?
40
What is the highest common factor of 2360 and 20?
20
Calculate the highest common factor of 225 and 8475.
75
What is the greatest common factor of 2989 and 245?
49
Calculate the highest common divisor of 136 and 986.
34
What is the highest common factor of 14 and 63?
7
Calculate the greatest common divisor of 26 and 312.
26
What is the highest common factor of 1512 and 28?
28
Calcul